NOAA-Style Climate Report Archive

for Hessville, NY - Since March 2004

(Reports Generated by WeatherLink)
Select a Year or Month report / some data is missing due to maintenance requirements ...

2023: Jan Feb Mar Apr May Jun Jul Aug Sep Oct Nov Dec
2022: Jan Feb Mar Apr May Jun Jul Aug Sep Oct Nov Dec
2021: Jan Feb Mar Apr May Jun Jul Aug Sep Oct Nov Dec
2020: Jan Feb Mar Apr May Jun Jul Aug Sep Oct Nov Dec
2019: Jan Feb Mar Apr May Jun Jul Aug Sep Oct Nov Dec
2018: Jan Feb Mar Apr May Jun Jul Aug Sep Oct Nov Dec
2017: Jan Feb Mar Apr May Jun Jul Aug Sep Oct Nov Dec
2016: Jan Feb Mar Apr May Jun Jul Aug Sep Oct Nov Dec
2015: Jan Feb Mar Apr May Jun Jul Aug Sep Oct Nov Dec
2014: Jan Feb Mar Apr May Jun Jul Aug Sep Oct Nov Dec
2013: Jan Feb Mar Apr May Jun Jul Aug Sep Oct Nov Dec
2012: Jan Feb Mar Apr May Jun Jul Aug Sep Oct Nov Dec
2011: Jan Feb Mar Apr May Jun Jul Aug Sep Oct Nov Dec
2010: Jan Feb Mar Apr May Jun Jul Aug Sep Oct Nov Dec
2009: Jan Feb Mar Apr May Jun Jul Aug Sep Oct Nov Dec
2008: Jan Feb Mar Apr May Jun Jul Aug Sep Oct Nov Dec
2007: Jan Feb Mar Apr May Jun Jul Aug Sep Oct Nov Dec
2006: Jan Feb Mar Apr May Jun Jul Aug Sep Oct Nov Dec
2005: Jan Feb Mar Apr May Jun Jul Aug Sep Oct Nov Dec
2004: Jan Feb Mar Apr May Jun Jul Aug Sep Oct Nov Dec

Report for 2023 January
                   MONTHLY CLIMATOLOGICAL SUMMARY for JAN. 2023

NAME: Indian Trail Weather   CITY: Hessville   STATE: New York 
ELEV:  1041 ft  LAT:  42° 51' 52" N  LONG:  74° 43' 15" W

                   TEMPERATURE (°F), RAIN  (in), WIND SPEED (mph)

                                      HEAT  COOL        AVG
    MEAN                              DEG   DEG         WIND                 DOM
DAY TEMP  HIGH   TIME   LOW    TIME   DAYS  DAYS  RAIN  SPEED HIGH   TIME    DIR
------------------------------------------------------------------------------------
 1  39.6  50.6  12:30a  35.5  11:00p  25.4   0.0  0.00   0.0   0.0     ---   ---
 2  40.1  46.6   1:30p  34.5   8:30p  24.9   0.0  0.00   0.0   0.0     ---   ---
 3  35.4  37.6  12:00m  33.2   8:00a  29.6   0.0  0.41   0.0   0.0     ---   ---
 4  38.9  40.6   1:30p  36.9   6:00a  26.1   0.0  0.06   0.0   0.0     ---   ---
 5  40.9  45.4   3:00p  36.4   8:00a  24.1   0.0  0.13   0.0   0.0     ---   ---
 6  36.9  41.2   1:00p  34.1   9:00p  28.1   0.0  0.00   0.0   0.0     ---   ---
 7  32.8  36.4  12:30p  22.8  12:00m  32.2   0.0  0.00   0.0   0.0     ---   ---
 8  23.9  31.0   1:00p  19.4  11:00p  41.2   0.0  0.00   0.0   0.0     ---   ---
 9  28.6  32.7  11:30p  19.7  12:30a  36.4   0.0  0.00   0.0   0.0     ---   ---
10  29.7  33.2   3:00a  24.2  12:00m  35.3   0.0  0.00   0.0   0.0     ---   ---
11  23.9  27.6   2:30p  18.8   9:00a  41.1   0.0  0.00   0.0   0.0     ---   ---
12  32.2  37.7   8:30p  25.5   1:30a  32.8   0.0  0.39   0.0   0.0     ---   ---
13  32.8  39.4   8:30a  23.7  12:00m  32.2   0.0  0.50   0.0   0.0     ---   ---
14  21.7  24.0   4:00p  19.1  12:00m  43.3   0.0  0.00   0.0   0.0     ---   ---
15  21.0  26.7   3:30p  17.5   7:30a  44.0   0.0  0.00   0.0   0.0     ---   ---
16  24.8  35.7   2:30p  15.6   4:30a  40.2   0.0  0.00   0.0   0.0     ---   ---
17  27.9  32.8   5:00p  22.8   6:30a  37.1   0.0  0.04   0.0   0.0     ---   ---
18  36.8  39.7   2:00p  29.3  12:30a  28.2   0.0  0.02   0.0   0.0     ---   ---
19  31.6  35.5  12:30a  30.4   9:30a  33.4   0.0  0.43   0.0   0.0     ---   ---
20  32.6  35.1   7:00a  28.9  12:00m  32.4   0.0  0.19   0.0   0.0     ---   ---
21  28.6  30.0   3:30p  27.1   8:00a  36.4   0.0  0.00   0.0   0.0     ---   ---
22  29.4  31.8   3:00p  27.9   1:00a  35.6   0.0  0.21   0.0   0.0     ---   ---
23  29.4  31.7  10:30a  27.1   5:30p  35.6   0.0  0.43   0.0   0.0     ---   ---
24  31.1  33.1   3:30p  28.3  12:00m  33.9   0.0  0.00   0.0   0.0     ---   ---
25  28.2  32.2  11:00p  23.4   5:00a  36.8   0.0  0.23   0.0   0.0     ---   ---
26  31.1  36.4   9:00a  25.5  11:30p  33.9   0.0  0.02   0.0   0.0     ---   ---
27  25.7  26.3   2:30a  24.5   8:00a  13.9   0.0  0.00   0.0   0.0     ---   ---
28
29
30
31
-------------------------------------------------------------------------------------
    30.9  50.6     1    15.6    16   894.1   0.0  3.06   0.0   0.0     ---   ---

Max >=  90.0:  0
Max <=  32.0:  8
Min <=  32.0: 21
Min <=   0.0:  0
Max Rain: 0.50 ON 01/13/23
Days of Rain: 13 (>.01 in) 9 (>.1 in) 0 (>1 in)
Heat Base:  65.0  Cool Base:  65.0  Method: Integration