NOAA-Style Climate Report Archive

for Hessville, NY - Since March 2004

(Reports Generated by WeatherLink)

Report for 2024 June

Daily noaa report



                            MONTHLY CLIMATOLOGICAL SUMMARY for JUN. 2024

NAME:    CITY:  STATE: 
ELEV:  LAT:  LONG: 

                            TEMPERATURE ( °F), RAIN (in.), WIND SPEED (mph)

                                               HEAT     COOL           AVG
      MEAN                                     DEG      DEG            WIND                       DOM
DAY   TEMP    HIGH   TIME     LOW    TIME      DAYS     DAYS    RAIN   SPEED    HIGH    TIME      DIR
--------------------------------------------------------------------------------------------------------
01    64.9   077.4   15:59    52.6   00:31     00.0     00.0   00.00   04.3     19.6    05:32     WNW
02    66.6   080.5   13:55    51.4   03:46     00.0     01.7   00.00   02.7     11.5    17:33     WSW
03    69.5   081.7   17:37    59.9   05:56     00.0     04.5   00.00   01.6     12.7    03:57     WNW
04    71.7   084.1   14:47    58.0   05:51     00.0     06.7   00.00   02.2     12.7    17:27      SW
05    75.2   085.6   15:46    66.2   06:05     00.0     10.2   00.00   03.5     18.4    02:14     WSW
06    68.1   076.2   12:16    61.4   23:24     00.0     03.2   01.10   02.6     32.2    17:16      NE
07    62.0   073.2   14:53    54.4   22:20     02.9     00.0   00.26   04.3     32.2    15:18      W 
08    60.0   068.4   17:24    54.5   01:26     04.9     00.0   00.00   07.0     25.3    09:24     WNW
09    57.5   064.6   15:06    52.4   07:42     07.4     00.0   00.87   04.8     33.4    14:34     WNW
10    55.7   061.6   13:26    53.2   05:49     09.2     00.0   00.00   06.4     21.9    13:29     WNW
11    56.5   062.6   15:32    52.1   23:08     08.4     00.0   00.00   03.0     11.5    17:14     WNW
12    58.6   064.7   17:47    52.8   23:53     06.3     00.0   00.00   02.9     13.8    13:08      W 
13    68.3   083.2   16:56    49.5   05:38     00.0     03.4   00.00   03.5     26.4    23:25     WSW
14    71.2   078.7   14:49    62.5   00:00     00.0     06.3   00.23   05.9     21.9    02:50      W 
15    63.8   072.7   15:52    54.2   00:00     01.1     00.0   00.00   04.4     24.1    17:32     WNW
16    60.1   072.3   17:46    45.5   05:51     04.8     00.0   00.00   03.1     12.7    12:03      E 
17    72.3   087.4   17:29    54.5   05:18     00.0     07.4   00.00   03.0     13.8    13:13     WSW
18    80.8   091.3   15:49    71.4   05:43     00.0     15.9   00.00   02.0     14.9    03:45     WNW
19    80.3   090.1   16:32    71.9   21:26     00.0     15.4   00.14   02.9     33.4    20:19      W 
20    78.8   089.6   14:27    72.1   00:02     00.0     13.9   00.00   03.9     14.9    19:01     WNW
21    74.8   084.5   17:44    68.3   05:20     00.0     09.9   00.93   02.4     13.8    18:57      SW
22    73.7   084.5   17:59    66.7   05:56     00.0     08.7   00.58   01.7     19.6    12:26     NNW
23    75.9   085.2   14:39    67.6   03:23     00.0     10.9   00.25   05.5     21.9    23:21      W 
24    64.6   071.0   00:02    61.1   07:14     00.3     00.0   00.00   06.7     40.3    14:43     WNW
--------------------------------------------------------------------------------------------------------
68.0 (68.4)   91.3  day 18     45.5  day 16   045.4    118.1   04.36   03.8     40.3   day 07      W 
Max >  86: 4
Min <  86: 24
Max Rain: 1.10 ON 6-06-24
Days of Rain: 8 (> .008in) 8 (> .08in) 3 (> 0.8in)