NOAA-Style Climate Report Archive
for Hessville, NY - Since March 2004
(Reports Generated by WeatherLink)
Select a Year or Month report
2024: Jan Feb Mar Apr May Jun Jul Aug Sep Oct Nov Dec
2023: Jan Feb Mar Apr May Jun Jul Aug Sep Oct Nov Dec
2022: Jan Feb Mar Apr May Jun Jul Aug Sep Oct Nov Dec
2021: Jan Feb Mar Apr May Jun Jul Aug Sep Oct Nov Dec
2020: Jan Feb Mar Apr May Jun Jul Aug Sep Oct Nov Dec
2019: Jan Feb Mar Apr May Jun Jul Aug Sep Oct Nov Dec
2018: Jan Feb Mar Apr May Jun Jul Aug Sep Oct Nov Dec
2017: Jan Feb Mar Apr May Jun Jul Aug Sep Oct Nov Dec
2016: Jan Feb Mar Apr May Jun Jul Aug Sep Oct Nov Dec
2015: Jan Feb Mar Apr May Jun Jul Aug Sep Oct Nov Dec
2014: Jan Feb Mar Apr May Jun Jul Aug Sep Oct Nov Dec
2013: Jan Feb Mar Apr May Jun Jul Aug Sep Oct Nov Dec
2012: Jan Feb Mar Apr May Jun Jul Aug Sep Oct Nov Dec
2011: Jan Feb Mar Apr May Jun Jul Aug Sep Oct Nov Dec
2010: Jan Feb Mar Apr May Jun Jul Aug Sep Oct Nov Dec
2009: Jan Feb Mar Apr May Jun Jul Aug Sep Oct Nov Dec
2008: Jan Feb Mar Apr May Jun Jul Aug Sep Oct Nov Dec
2007: Jan Feb Mar Apr May Jun Jul Aug Sep Oct Nov Dec
2006: Jan Feb Mar Apr May Jun Jul Aug Sep Oct Nov Dec
2005: Jan Feb Mar Apr May Jun Jul Aug Sep Oct Nov Dec
2004: Jan Feb Mar Apr May Jun Jul Aug Sep Oct Nov Dec
2024: Jan Feb Mar Apr May Jun Jul Aug Sep Oct Nov Dec
2023: Jan Feb Mar Apr May Jun Jul Aug Sep Oct Nov Dec
2022: Jan Feb Mar Apr May Jun Jul Aug Sep Oct Nov Dec
2021: Jan Feb Mar Apr May Jun Jul Aug Sep Oct Nov Dec
2020: Jan Feb Mar Apr May Jun Jul Aug Sep Oct Nov Dec
2019: Jan Feb Mar Apr May Jun Jul Aug Sep Oct Nov Dec
2018: Jan Feb Mar Apr May Jun Jul Aug Sep Oct Nov Dec
2017: Jan Feb Mar Apr May Jun Jul Aug Sep Oct Nov Dec
2016: Jan Feb Mar Apr May Jun Jul Aug Sep Oct Nov Dec
2015: Jan Feb Mar Apr May Jun Jul Aug Sep Oct Nov Dec
2014: Jan Feb Mar Apr May Jun Jul Aug Sep Oct Nov Dec
2013: Jan Feb Mar Apr May Jun Jul Aug Sep Oct Nov Dec
2012: Jan Feb Mar Apr May Jun Jul Aug Sep Oct Nov Dec
2011: Jan Feb Mar Apr May Jun Jul Aug Sep Oct Nov Dec
2010: Jan Feb Mar Apr May Jun Jul Aug Sep Oct Nov Dec
2009: Jan Feb Mar Apr May Jun Jul Aug Sep Oct Nov Dec
2008: Jan Feb Mar Apr May Jun Jul Aug Sep Oct Nov Dec
2007: Jan Feb Mar Apr May Jun Jul Aug Sep Oct Nov Dec
2006: Jan Feb Mar Apr May Jun Jul Aug Sep Oct Nov Dec
2005: Jan Feb Mar Apr May Jun Jul Aug Sep Oct Nov Dec
2004: Jan Feb Mar Apr May Jun Jul Aug Sep Oct Nov Dec
Report for 2024 April
Daily noaa report MONTHLY CLIMATOLOGICAL SUMMARY for APR. 2024 NAME: CITY: STATE: ELEV: LAT: LONG: TEMPERATURE ( °F), RAIN (in.), WIND SPEED (mph) HEAT COOL AVG MEAN DEG DEG WIND DOM DAY TEMP HIGH TIME LOW TIME DAYS DAYS RAIN SPEED HIGH TIME DIR -------------------------------------------------------------------------------------------------------- 01 42.1 056.9 16:48 31.0 01:32 22.9 00.0 00.00 02.3 14.9 23:00 W 02 38.5 041.1 00:02 35.5 06:53 26.4 00.0 00.10 06.5 21.9 21:33 ESE 03 36.3 039.3 00:16 32.5 23:59 28.6 00.0 00.83 13.8 61.0 11:26 E 04 33.1 035.5 12:08 31.2 00:00 31.8 00.0 00.47 03.5 26.4 09:01 E 05 34.2 037.5 15:20 30.2 04:43 30.8 00.0 00.02 06.9 23.0 13:43 NW 06 39.0 045.2 16:41 35.1 06:38 26.0 00.0 00.00 05.9 25.3 10:01 NNW 07 45.2 056.7 17:03 37.2 05:10 19.8 00.0 00.00 03.3 21.9 14:44 NNW 08 48.9 061.9 13:39 33.4 06:19 16.1 00.0 00.00 03.3 17.3 02:17 W 09 58.2 073.3 16:47 43.7 06:53 06.8 00.0 00.00 03.0 16.1 14:59 WSW 10 55.0 060.9 13:12 48.9 05:44 09.9 00.0 00.03 01.8 13.8 12:53 SSE 11 53.4 063.4 17:06 47.2 05:20 11.6 00.0 00.32 04.6 20.7 17:35 ESE 12 56.9 066.7 08:54 47.8 22:27 08.1 00.0 00.59 06.8 28.8 21:17 SSW 13 41.6 049.0 00:21 37.4 08:58 23.3 00.0 00.24 10.9 41.4 18:27 WNW 14 43.4 048.8 14:05 38.3 05:55 21.5 00.0 00.21 04.6 24.1 01:41 W 15 47.5 057.2 15:04 37.7 02:02 17.4 00.0 00.00 05.3 28.8 14:50 WNW 16 50.2 060.3 16:19 40.1 00:00 14.8 00.0 00.00 05.7 26.4 14:37 WNW 17 47.6 058.8 14:38 35.9 03:37 17.4 00.0 00.22 03.6 16.1 15:17 ESE 18 43.3 046.3 00:10 41.2 23:49 21.7 00.0 00.48 06.6 21.9 15:14 E -------------------------------------------------------------------------------------------------------- 45.2 (45.6) 73.3 day 09 30.2 day 05 354.7 000.0 03.52 05.5 61.0 day 03 NW Min < 86: 18 Max Rain: 0.83 ON 3-04-24 Days of Rain: 11 (> .008in) 9 (> .08in) 1 (> 0.8in)